{"id":18,"date":"2023-12-02T07:24:13","date_gmt":"2023-12-02T07:24:13","guid":{"rendered":"http:\/\/www.stirnberg-strassenbau.de\/?page_id=18"},"modified":"2023-12-02T07:24:13","modified_gmt":"2023-12-02T07:24:13","slug":"home","status":"publish","type":"page","link":"https:\/\/www.stirnberg-strassenbau.de\/?page_id=18","title":{"rendered":"Home"},"content":{"rendered":"\n<p><strong>Willkommen bei Stirnberg Strassen und Tiefbau \u2013 Ihr Experte f\u00fcr Stra\u00dfen- und Tiefbau!<\/strong><\/p>\n\n\n\n<p>Herzlich willkommen auf der Startseite von <strong>Stirnberg Strassen und Tiefbau<\/strong>, Ihrem verl\u00e4sslichen Partner im Bereich Stra\u00dfen- und Tiefbau. Seit Jahren steht unser Unternehmen f\u00fcr exzellente Leistungen, innovative L\u00f6sungen und h\u00f6chste Qualit\u00e4t in allen Bauprojekten.<\/p>\n\n\n\n<figure class=\"wp-block-image size-large\"><img loading=\"lazy\" decoding=\"async\" width=\"1024\" height=\"682\" src=\"https:\/\/www.stirnberg-strassenbau.de\/wp-content\/uploads\/2023\/12\/concrete-1583245_1280-1024x682.jpg\" alt=\"\" class=\"wp-image-22\" srcset=\"https:\/\/www.stirnberg-strassenbau.de\/wp-content\/uploads\/2023\/12\/concrete-1583245_1280-1024x682.jpg 1024w, https:\/\/www.stirnberg-strassenbau.de\/wp-content\/uploads\/2023\/12\/concrete-1583245_1280-300x200.jpg 300w, https:\/\/www.stirnberg-strassenbau.de\/wp-content\/uploads\/2023\/12\/concrete-1583245_1280-768x512.jpg 768w, https:\/\/www.stirnberg-strassenbau.de\/wp-content\/uploads\/2023\/12\/concrete-1583245_1280.jpg 1280w\" sizes=\"auto, (max-width: 1024px) 100vw, 1024px\" \/><\/figure>\n\n\n\n<p><strong>Unsere Expertise: Stra\u00dfen- und Tiefbau auf h\u00f6chstem Niveau<\/strong><\/p>\n\n\n\n<p>Als erfahrene Baufirma sind wir spezialisiert auf Stra\u00dfen- und Tiefbauprojekte jeder Gr\u00f6\u00dfe und Komplexit\u00e4t. Unser engagiertes Team aus Fachleuten, Ingenieuren und Bauarbeitern arbeitet Hand in Hand, um Ihre individuellen Anforderungen zu erf\u00fcllen und Projekte termingerecht und budgettreu umzusetzen.<\/p>\n","protected":false},"excerpt":{"rendered":"<p>Willkommen bei Stirnberg Strassen und Tiefbau \u2013 Ihr Experte f\u00fcr Stra\u00dfen- und Tiefbau! Herzlich willkommen auf der Startseite von Stirnberg Strassen und Tiefbau, Ihrem verl\u00e4sslichen Partner im Bereich Stra\u00dfen- und Tiefbau. Seit Jahren steht unser Unternehmen f\u00fcr exzellente Leistungen, innovative L\u00f6sungen und h\u00f6chste Qualit\u00e4t in allen Bauprojekten. Unsere Expertise: Stra\u00dfen- und Tiefbau auf h\u00f6chstem Niveau [&hellip;]<\/p>\n","protected":false},"author":1,"featured_media":0,"parent":0,"menu_order":0,"comment_status":"closed","ping_status":"closed","template":"","meta":{"footnotes":""},"class_list":["post-18","page","type-page","status-publish","hentry"],"_links":{"self":[{"href":"https:\/\/www.stirnberg-strassenbau.de\/index.php?rest_route=\/wp\/v2\/pages\/18","targetHints":{"allow":["GET"]}}],"collection":[{"href":"https:\/\/www.stirnberg-strassenbau.de\/index.php?rest_route=\/wp\/v2\/pages"}],"about":[{"href":"https:\/\/www.stirnberg-strassenbau.de\/index.php?rest_route=\/wp\/v2\/types\/page"}],"author":[{"embeddable":true,"href":"https:\/\/www.stirnberg-strassenbau.de\/index.php?rest_route=\/wp\/v2\/users\/1"}],"replies":[{"embeddable":true,"href":"https:\/\/www.stirnberg-strassenbau.de\/index.php?rest_route=%2Fwp%2Fv2%2Fcomments&post=18"}],"version-history":[{"count":1,"href":"https:\/\/www.stirnberg-strassenbau.de\/index.php?rest_route=\/wp\/v2\/pages\/18\/revisions"}],"predecessor-version":[{"id":23,"href":"https:\/\/www.stirnberg-strassenbau.de\/index.php?rest_route=\/wp\/v2\/pages\/18\/revisions\/23"}],"wp:attachment":[{"href":"https:\/\/www.stirnberg-strassenbau.de\/index.php?rest_route=%2Fwp%2Fv2%2Fmedia&parent=18"}],"curies":[{"name":"wp","href":"https:\/\/api.w.org\/{rel}","templated":true}]}}